tiple of 853?
True
Is 22 a factor of 1321314500?
True
Is 43 a factor of 20149001?
False
Is 400739184 a multiple of 76?
True
Is 74013417 a multiple of 5?
False
Does 489 divide 367593036?
True
Is 20 a factor of 1925166840?
True
Is 50881226 a multiple of 334?
True
Is 183392294 a multiple of 437?
True
Is 1110 a factor of 343772550?
True
Does 5711 divide 412961436?
False
Is 1284562819 a multiple of 124?
False
Does 11452 divide 279767921?
False
Does 12 divide 515213998?
False
Is 196772465 a multiple of 5?
True
Does 103 divide 180383282?
True
Is 7361799750 a multiple of 690?
True
Does 41 divide 86822338?
True
Does 12556 divide 1817870236?
True
Does 3689 divide 155373302?
True
Does 118 divide 6028384?
True
Does 67 divide 942228644?
False
Does 25 divide 16612648?
False
Is 1349 a factor of 193450195?
False
Does 7 divide 1326988710?
False
Is 24900237 a multiple of 259?
False
Does 245 divide 158920965?
True
Is 1077 a factor of 454922646?
True
Is 117 a factor of 71029530?
True
Is 7396860 a multiple of 114?
False
Is 268 a factor of 159862531?
False
Is 46387156 a multiple of 100?
False
Is 22426235 a multiple of 306?
False
Is 545796 a multiple of 2?
True
Does 763 divide 34284051?
False
Does 235 divide 835433048?
False
Is 19559306 a multiple of 240?
False
Does 191 divide 10277901?
True
Is 10268401 a multiple of 109?
False
Is 74824064 a multiple of 296?
True
Does 35 divide 4325440?
True
Is 70 a factor of 22779190?
True
Does 122 divide 278264554?
True
Is 55029420 a multiple of 469?
False
Does 2 divide 28959181?
False
Is 193 a factor of 96786605?
True
Is 592209322 a multiple of 1109?
False
Does 31 divide 29838926?
True
Is 315994284 a multiple of 1116?
True
Does 307 divide 287653007?
False
Does 1370 divide 690227920?
True
Does 16 divide 122279824?
True
Does 652 divide 513125913?
False
Is 132578033 a multiple of 217?
False
Is 15788018 a multiple of 31?
False
Is 255912686 a multiple of 899?
False
Is 2791510820 a multiple of 20?
True
Is 52401440 a multiple of 112?
True
Is 53 a factor of 31106972?
True
Is 760388724 a multiple of 1638?
False
Is 1911 a factor of 1188007743?
False
Is 14 a factor of 478095602?
False
Is 116866687 a multiple of 119?
True
Is 27 a factor of 278462836?
False
Does 197 divide 164129368?
True
Is 1777 a factor of 127359367?
True
Does 8 divide 3488195?
False
Is 32 a factor of 448111936?
True
Does 61 divide 1720941091?
False
Does 1730 divide 1657519319?
False
Does 221 divide 7698267?
False
Is 647626553 a multiple of 7?
True
Is 47342742 a multiple of 43?
True
Is 46594275 a multiple of 627?
False
Does 1710 divide 75020021?
False
Is 1014 a factor of 203608158?
True
Does 21 divide 94673111?
False
Does 1465 divide 43834265?
True
Does 1565 divide 4133199?
False
Is 41 a factor of 256617333?
False
Is 167996652 a multiple of 219?
True
Does 1513 divide 71471094?
True
Is 19 a factor of 374847941?
True
Is 60217500 a multiple of 420?
True
Is 331149987 a multiple of 441?
True
Does 587 divide 20545000?
True
Does 62 divide 2229086?
True
Does 7 divide 710892?
True
Does 3590 divide 32353943?
False
Is 2864 a factor of 1289203946?
False
Is 584 a factor of 548011814?
False
Is 114 a factor of 178273542?
True
Is 226 a factor of 22613334?
True
Is 56865020 a multiple of 505?
True
Is 571736962 a multiple of 5437?
False
Is 155 a factor of 31069480?
False
Does 29 divide 1342457560?
True
Is 83 a factor of 13370653?
False
Is 186019752 a multiple of 2248?
True
Is 1219014 a multiple of 6?
True
Does 186 divide 9043644?
False
Is 557548760 a multiple of 20?
True
Is 12 a factor of 17664168?
True
Is 2034 a factor of 23136065?
False
Does 2761 divide 72319334?
False
Is 133 a factor of 4049850?
True
Does 12 divide 3154527024?
True
Does 290 divide 57809839?
False
Is 51784453 a multiple of 7?
True
Is 483 a factor of 207340111?
False
Does 284 divide 1270020736?
True
Is 570 a factor of 141825690?
True
Is 68 a factor of 837239775?
False
Is 30137580 a multiple of 2790?
True
Does 389 divide 15356553?
True
Is 780 a factor of 822896100?
True
Is 3477 a factor of 29564931?
True
Is 127 a factor of 78608174?
True
Is 585 a factor of 15063806?
False
Is 359 a factor of 8681697?
True
Does 3 divide 39334488?
True
Does 6 divide 13686528?
True
Does 122 divide 50940399?
False
Is 18 a factor of 72001368?
True
Is 56615550 even?
True
Is 62 a factor of 119730866?
True
Does 357 divide 15666231?
True
Is 2145434664 a multiple of 635?
False
Is 683273819 a multiple of 146?
False
Is 908 a factor of 3831669346?
False
Is 77 a factor of 5479243?
True
Is 46333540 a multiple of 266?
False
Does 69 divide 87450033?
False
Is 82 a factor of 94329848?
True
Does 3016 divide 224355170?
False
Is 176 a factor of 14291728?
True
Is 25350595 a multiple of 22?
False
Is 99247180 a multiple of 498?
False
Is 109 a factor of 14296993?
False
Is 351348500 a multiple of 5?
True
Does 6098 divide 2840387420?
True
Does 972 divide 878551484?
False
Is 223 a factor of 1213868834?
True
Is 857363529 a multiple of 120?
False
Is 128229826 a multiple of 31?
True
Is 237 a factor of 875300597?
False
Is 648 a factor of 79529051?
False
Is 57 a factor of 3875489?
False
Does 1937 divide 26875875?
True
Is 68 a factor of 64422316?
True
Is 63831508 a multiple of 1683?
False
Is 17146502 a multiple of 4?
False
Is 31208188 a multiple of 11?
True
Is 3084 a factor of 157740032?
False
Does 1617 divide 290427338?
False
Is 60167843 a multiple of 38?
False
Is 3777204243 a multiple of 17?
False
Is 23505087 a multiple of 16?
False
Is 5421735605 a multiple of 211?
False
Is 3738055608 a multiple of 204?
True
Does 19 divide 90739417?
False
Does 256 divide 105878745?
False
Is 246334878 a multiple of 18?
True
Is 116 a factor of 6777648?
True
Does 14 divide 23591271?
False
Is 131 a factor of 1784898302?
False
Is 1019384657 a multiple of 457?
True
Does 22 divide 33192522?
True
Is 320 a factor of 182922074?
False
Does 83 divide 2263206152?
True
Is 759 a factor of 74550498?
True
Does 19 divide 271184960?
False
Is 37 a factor of 142198081?
False
Is 366815808 a multiple of 744?
True
Is 157 a factor of 20496583?
False
Does 73 divide 133688197?
False
Does 52 divide 11479365?
False
Is 664 a factor of 1150007028?
False
Does 19 divide 30264632?
False
Does 1757 divide 527127900?
False
Is 41172620 a multiple of 95?
True
Is 223 a factor of 296605268?
False
Is 4 a factor of 48934071?
False
Is 156 a factor of 1088939338?
False
Is 558168720 a multiple of 20?
True
Is 406 a factor of 51585548?
True
Does 63 divide 4178619144?
True
Is 747076561 a multiple of 324?
False
Is 27 a factor of 32991867?
True
Is 4270 a factor of 5988251?
False
Is 9 a factor of 76796010?
True
Is 1501 a factor of 174810995?
False
Does 270 divide 10173060?
True
Is 7705698 a multiple of 13?
True
Is 9620700 a multiple of 100?
True
Is 157859205 a multiple of 153?
False
Does 2899 divide 14652964?
False
Is 13 a factor of 49220981?
False
Does 15 divide 85326300?
True
Is 12 a factor of 16812770?
False
Is 271 a factor of 702516138?
False
Is 19264463 a multiple of 140?
False
Is 72915220 a multiple of 574?
True
Does 751 divide 10078949?
False
Is 310 a factor of 18702920?
True
Is 1553 a factor of 240444778?
True
Does 265 divide 80821303?
False
Is 570594991 a multiple of 157?
True
Is 189232669 a multiple of 15?
False
Is 981 a factor of 115302031?
False
Is 275 a factor of 23909600?
True
Is 2525 a factor of 21816000?
True
Is 802310784 a multiple of 12?
True
Is 407 a factor of 12778172?
True
Is 893 a factor of 7095169?
False
Is 94497429 a multiple of 70?
False
Is 37011754 a multiple of 85?
False
Is 166269780 a multiple of 36?
True
Is 24508956 a multiple of 1091?
False
Does 225 divide 20682928?
False
Does 75 divide 21245882?
False
Is 390 a factor of 56356170?
True
Is 4 a factor of 6329005?
False
Is 1763495076 a multiple of 762?
True
Is 11764 a factor of 1858379129?
False
Is 4 a factor of 164835484?
True
Is 68 a factor of 34096554?
False
Is 4 a factor of 382344?
True
Is 6284 a factor of 721239816?
True
Is 728 a factor of 10427144?
True
Is 49 a factor of 6653728?
False
Does 7 divide 21357595?
True
Is 29 a factor of 1393752151?
True
Is 58 a factor of 249623996?
True
Is 1128 a factor of 12825360?
True
Is 484901354 a multiple of 379?
False
Is 747 a factor of 49386480?
False
Is 303419088 a multiple of 42?
True
Is 42 a factor of 592736088?
True